{"id":4817,"date":"2023-05-26T12:45:34","date_gmt":"2023-05-26T11:45:34","guid":{"rendered":"http:\/\/www.zakud-kazup.hr\/?page_id=4817"},"modified":"2024-10-15T12:56:55","modified_gmt":"2024-10-15T11:56:55","slug":"plesni-klub-st-art","status":"publish","type":"page","link":"https:\/\/www.zakud-kazup.hr\/?page_id=4817","title":{"rendered":"Plesni klub st.ART"},"content":{"rendered":"\n<div class=\"wp-block-columns is-layout-flex wp-container-2\">\n<div class=\"wp-block-column is-layout-flow\"><\/div>\n<\/div>\n\n\n\n<div class=\"wp-block-group is-layout-constrained\"><div class=\"wp-block-group__inner-container\"><div class=\"wp-block-image\">\n<figure class=\"aligncenter size-large is-resized\"><img decoding=\"async\" loading=\"lazy\" src=\"https:\/\/www.zakud-kazup.hr\/wp-content\/uploads\/2023\/06\/46121210_2147208188929865_679445104464756736_n-1024x683.jpg\" alt=\"\" class=\"wp-image-5144\" width=\"402\" height=\"268\" srcset=\"https:\/\/www.zakud-kazup.hr\/wp-content\/uploads\/2023\/06\/46121210_2147208188929865_679445104464756736_n-1024x683.jpg 1024w, https:\/\/www.zakud-kazup.hr\/wp-content\/uploads\/2023\/06\/46121210_2147208188929865_679445104464756736_n-300x200.jpg 300w, https:\/\/www.zakud-kazup.hr\/wp-content\/uploads\/2023\/06\/46121210_2147208188929865_679445104464756736_n-1536x1025.jpg 1536w, https:\/\/www.zakud-kazup.hr\/wp-content\/uploads\/2023\/06\/46121210_2147208188929865_679445104464756736_n-150x100.jpg 150w, https:\/\/www.zakud-kazup.hr\/wp-content\/uploads\/2023\/06\/46121210_2147208188929865_679445104464756736_n-24x16.jpg 24w, https:\/\/www.zakud-kazup.hr\/wp-content\/uploads\/2023\/06\/46121210_2147208188929865_679445104464756736_n-36x24.jpg 36w, https:\/\/www.zakud-kazup.hr\/wp-content\/uploads\/2023\/06\/46121210_2147208188929865_679445104464756736_n-48x32.jpg 48w, https:\/\/www.zakud-kazup.hr\/wp-content\/uploads\/2023\/06\/46121210_2147208188929865_679445104464756736_n.jpg 1772w\" sizes=\"(max-width: 402px) 100vw, 402px\" \/><\/figure><\/div>\n\n\n<div class=\"wp-block-columns is-layout-flex wp-container-4\">\n<div class=\"wp-block-column is-layout-flow\"><\/div>\n<\/div>\n\n\n\n<p class=\"has-text-align-center\"><strong>Adresa:<\/strong>&nbsp;Lu\u0161\u010di\u0107 43B, 47000 Karlovac<\/p>\n\n\n\n<p class=\"has-text-align-center\"><strong>Ime i prezime predsjednika udruge s kontaktom<\/strong>: SANJA TEK, 091\/511-6335, 091\/768-7204<\/p>\n\n\n\n<p class=\"has-text-align-center\"><strong>E-mail:&nbsp;<\/strong>plesniklubst.art@admin<\/p>\n\n\n\n<p class=\"has-text-align-center\"><strong>OIB udruge:<\/strong>&nbsp;88584396608<\/p>\n\n\n\n<div class=\"wp-block-columns is-layout-flex wp-container-6\">\n<div class=\"wp-block-column is-layout-flow\"><\/div>\n<\/div>\n<\/div><\/div>\n\n\n\n<div class=\"wp-block-group is-layout-constrained\"><div class=\"wp-block-group__inner-container\">\n<p class=\"has-text-align-left\">Plesni klub st.ART neprofitna je organizacija osnovana 2016. godine. Osniva\u010d i umjetni\u010dki voditelj plesnog kluba je Sanja Tek.<br>U cilju nam je intenzivni rad na stvaranju kvalitetnih plesa\u010da i koreografija, sudjelovanje na plesnim nastupima, plesnim produkcijama, susretima, festivalima i natjecanjima na podru\u010dju Republike Hrvatske i \u0161ire, podu\u010davanje razli\u010ditih plesnih stilova kao \u0161to su jazz dance, MTV jazz, show dance, suvremene plesne tehnike, ritmi\u010dka gimnastika, klasi\u010dni balet i <em>ballet fitness<\/em> svim dobnim skupinama.<\/p>\n<\/div><\/div>\n\n\n\n<div class=\"wp-block-columns is-layout-flex wp-container-10\">\n<div class=\"wp-block-column is-layout-flow\">\n<blockquote class=\"wp-block-quote\">\n<p class=\"has-text-align-center\"><em>Ples je \u017eiva materija, koja se razvija zajedno s ljudima koji se njome bave.<\/em><\/p>\n<\/blockquote>\n<\/div>\n<\/div>\n\n\n\n<p><\/p>\n\n\n\n<p><\/p>\n","protected":false},"excerpt":{"rendered":"<p>Adresa:&nbsp;Lu\u0161\u010di\u0107 43B, 47000 Karlovac Ime i prezime predsjednika udruge s kontaktom: SANJA TEK, 091\/511-6335, 091\/768-7204 E-mail:&nbsp;plesniklubst.art@admin OIB udruge:&nbsp;88584396608 Plesni klub st.ART neprofitna je organizacija osnovana 2016. godine. Osniva\u010d i umjetni\u010dki <a href=\"https:\/\/www.zakud-kazup.hr\/?page_id=4817\" class=\"more-link\">[&hellip;]<\/a><\/p>\n","protected":false},"author":1,"featured_media":0,"parent":0,"menu_order":0,"comment_status":"closed","ping_status":"closed","template":"","meta":{"Layout":""},"_links":{"self":[{"href":"https:\/\/www.zakud-kazup.hr\/index.php?rest_route=\/wp\/v2\/pages\/4817"}],"collection":[{"href":"https:\/\/www.zakud-kazup.hr\/index.php?rest_route=\/wp\/v2\/pages"}],"about":[{"href":"https:\/\/www.zakud-kazup.hr\/index.php?rest_route=\/wp\/v2\/types\/page"}],"author":[{"embeddable":true,"href":"https:\/\/www.zakud-kazup.hr\/index.php?rest_route=\/wp\/v2\/users\/1"}],"replies":[{"embeddable":true,"href":"https:\/\/www.zakud-kazup.hr\/index.php?rest_route=%2Fwp%2Fv2%2Fcomments&post=4817"}],"version-history":[{"count":42,"href":"https:\/\/www.zakud-kazup.hr\/index.php?rest_route=\/wp\/v2\/pages\/4817\/revisions"}],"predecessor-version":[{"id":7031,"href":"https:\/\/www.zakud-kazup.hr\/index.php?rest_route=\/wp\/v2\/pages\/4817\/revisions\/7031"}],"wp:attachment":[{"href":"https:\/\/www.zakud-kazup.hr\/index.php?rest_route=%2Fwp%2Fv2%2Fmedia&parent=4817"}],"curies":[{"name":"wp","href":"https:\/\/api.w.org\/{rel}","templated":true}]}}