{"id":441,"date":"2015-03-12T11:43:08","date_gmt":"2015-03-12T10:43:08","guid":{"rendered":"http:\/\/www.zakud-kazup.hr\/?page_id=441"},"modified":"2025-12-03T07:58:46","modified_gmt":"2025-12-03T06:58:46","slug":"kud-sveta-ana-vucjak-karlovac","status":"publish","type":"page","link":"https:\/\/www.zakud-kazup.hr\/?page_id=441","title":{"rendered":"KUD  &#8220;SVETA ANA &#8211; VU\u010cJAK&#8221; KARLOVAC"},"content":{"rendered":"<div class=\"wp-block-image\">\n<figure class=\"aligncenter size-full is-resized\"><img decoding=\"async\" loading=\"lazy\" src=\"https:\/\/www.zakud-kazup.hr\/wp-content\/uploads\/2024\/08\/13590516_10206435562957502_6114781413837863427_n.jpg\" alt=\"\" class=\"wp-image-6780\" width=\"480\" height=\"360\" srcset=\"https:\/\/www.zakud-kazup.hr\/wp-content\/uploads\/2024\/08\/13590516_10206435562957502_6114781413837863427_n.jpg 960w, https:\/\/www.zakud-kazup.hr\/wp-content\/uploads\/2024\/08\/13590516_10206435562957502_6114781413837863427_n-300x225.jpg 300w, https:\/\/www.zakud-kazup.hr\/wp-content\/uploads\/2024\/08\/13590516_10206435562957502_6114781413837863427_n-150x113.jpg 150w, https:\/\/www.zakud-kazup.hr\/wp-content\/uploads\/2024\/08\/13590516_10206435562957502_6114781413837863427_n-24x18.jpg 24w, https:\/\/www.zakud-kazup.hr\/wp-content\/uploads\/2024\/08\/13590516_10206435562957502_6114781413837863427_n-36x27.jpg 36w, https:\/\/www.zakud-kazup.hr\/wp-content\/uploads\/2024\/08\/13590516_10206435562957502_6114781413837863427_n-48x36.jpg 48w\" sizes=\"(max-width: 480px) 100vw, 480px\" \/><\/figure><\/div>\n\n\n<div class=\"wp-block-columns is-layout-flex wp-container-2\">\n<div class=\"wp-block-column is-layout-flow\"><\/div>\n<\/div>\n\n\n\n<p class=\"has-text-align-center\"><strong>Slu\u017ebeni naziv udruge: <\/strong>Kulturno umjetni\u010dko dru\u0161tvo \u201eSveta Ana \u2013 Vu\u010djak\u201c Karlovac<\/p>\n\n\n\n<p class=\"has-text-align-center\"><strong>Adresa: <\/strong>Kalvarija 7\/B, 47000 Karlovac<\/p>\n\n\n\n<p class=\"has-text-align-center\"><strong>Ime i prezime predsjednika udruge s kontaktom: <\/strong>JASNA PO\u017dAR,\u00a0091 \/ 522 &#8211; 4128<\/p>\n\n\n\n<p class=\"has-text-align-center\"><strong>Ime i prezime tajnika udruge: s kontaktom <\/strong>\u0160TEFICA PO\u017dAR,\u00a0098 \/ 362 &#8211; 318<\/p>\n\n\n\n<p class=\"has-text-align-center\"><strong>Broj \u010dlanova udruge: <\/strong>59<\/p>\n\n\n\n<p class=\"has-text-align-center\"><strong>Sekcije udruge: <\/strong><\/p>\n\n\n\n<p class=\"has-text-align-center\">\u2022 Folklorna sekcija<br>\u2022 Tambura\u0161ka sekcija<br>\u2022 Pjeva\u010dka sekcija<br>\u2022 Dje\u010dja sekcija<\/p>\n\n\n\n<p class=\"has-text-align-center\"><strong>Voditelj folklorne sekcije: <\/strong>\u0160TEFICA PO\u017dAR, 098 \/ 362 &#8211; 318<\/p>\n\n\n\n<p class=\"has-text-align-center\"><strong>Voditelj tambura\u0161ke sekcije:<\/strong> IVAN BO\u017dI\u010cEVI\u0106, 091 \/ 2535 &#8211; 935<\/p>\n\n\n\n<p class=\"has-text-align-center\"><strong>Voditelj pjeva\u010dke sekcije: <\/strong>VESNA ZABORSKI, 091 \/ 432 &#8211; 1117<\/p>\n\n\n\n<p class=\"has-text-align-center\"><strong>Voditelj dje\u010dje sekcije:&nbsp;<\/strong>\u0160TEFICA PO\u017dAR, 098 \/ 362 &#8211; 318<\/p>\n\n\n\n<p class=\"has-text-align-center\"><strong>E-mail adresa:\u00a0<\/strong>jasna.pozar1@gmail.com<\/p>\n\n\n\n<p class=\"has-text-align-center\"><strong>OIB udruge: <\/strong>84889164395<\/p>\n\n\n\n<div class=\"wp-block-columns is-layout-flex wp-container-4\">\n<div class=\"wp-block-column is-layout-flow\"><\/div>\n<\/div>\n\n\n\n<p>U o\u017eujku 1995. godine u MO Zagrad \u2013 Kalvarija \u2013 Vu\u010djak, u prostoru kapele sv. Ane na Vu\u010djaku osnovana je Sekcija \u017eena<b> <\/b>sa idejom o\u010duvanja kulturnog blaga svojega kraja. Godinu dana kasnije, 1996. godine, Sekcija \u017eena prerasta u KUD \u201eSv. Ana \u2013 Vu\u010djak\u201c s ciljem njegovanja i promicanja izvorne narodne kulturne ba\u0161tine. Danas Dru\u0161tvo njeguje izvorni folklor Vu\u010djaka i bli\u017ee okolice, a izvornost dolazi do izra\u017eaja u pjesmi, plesu, no\u0161njama i obi\u010dajima.<\/p>\n\n\n\n<p>KUD \u201eSv. Ana \u2013 Vu\u010djak\u201c broji 60-ak \u010dlanova, odraslih i djece, koji djeluju u&nbsp;folklorno-pjeva\u010dkoj, tambura\u0161koj i dje\u010djoj sekciji.<\/p>\n\n\n\n<p>Dru\u0161tvo je predstavljalo Karlova\u010dku \u017eupaniju na mnogobrojnim dr\u017eavnim manifestacijama&nbsp;diljem Hrvatske.<\/p>\n\n\n\n<p>Od me\u0111unarodnih gostovanja dru\u0161tvo se mo\u017ee pohvaliti nastupima u Makedoniji (2004.), Njema\u010dkoj (1998. i 2001.), na Me\u0111unarodnoj smotri folklora \u201eGospojina 2011\u201c, \u017eupa Vido\u0161i u Livnu (BiH), te na Me\u0111unarodnoj smotri folklora u Rakeku, Republika Slovenija.<\/p>\n\n\n\n<p>Dje\u010dja sekcija dru\u0161tva nastupala je na Karlova\u010dkoj smotri folklora, \u017dupanijskoj smotri dje\u010djeg folklora u Rakovici, Dugoj Resi, Gare\u0161nici, Ivani\u0107-Gradu, Generalskom Stolu, Maloj Subotici i na raznim priredbama u Vu\u010djaku i okolici.<\/p>\n\n\n\n<div class=\"wp-block-columns is-layout-flex wp-container-6\">\n<div class=\"wp-block-column is-layout-flow\"><\/div>\n<\/div>\n","protected":false},"excerpt":{"rendered":"<p>Slu\u017ebeni naziv udruge: Kulturno umjetni\u010dko dru\u0161tvo \u201eSveta Ana \u2013 Vu\u010djak\u201c Karlovac Adresa: Kalvarija 7\/B, 47000 Karlovac Ime i prezime predsjednika udruge s kontaktom: JASNA PO\u017dAR,\u00a0091 \/ 522 &#8211; 4128 Ime <a href=\"https:\/\/www.zakud-kazup.hr\/?page_id=441\" class=\"more-link\">[&hellip;]<\/a><\/p>\n","protected":false},"author":2,"featured_media":0,"parent":171,"menu_order":0,"comment_status":"closed","ping_status":"closed","template":"","meta":{"Layout":""},"_links":{"self":[{"href":"https:\/\/www.zakud-kazup.hr\/index.php?rest_route=\/wp\/v2\/pages\/441"}],"collection":[{"href":"https:\/\/www.zakud-kazup.hr\/index.php?rest_route=\/wp\/v2\/pages"}],"about":[{"href":"https:\/\/www.zakud-kazup.hr\/index.php?rest_route=\/wp\/v2\/types\/page"}],"author":[{"embeddable":true,"href":"https:\/\/www.zakud-kazup.hr\/index.php?rest_route=\/wp\/v2\/users\/2"}],"replies":[{"embeddable":true,"href":"https:\/\/www.zakud-kazup.hr\/index.php?rest_route=%2Fwp%2Fv2%2Fcomments&post=441"}],"version-history":[{"count":8,"href":"https:\/\/www.zakud-kazup.hr\/index.php?rest_route=\/wp\/v2\/pages\/441\/revisions"}],"predecessor-version":[{"id":7782,"href":"https:\/\/www.zakud-kazup.hr\/index.php?rest_route=\/wp\/v2\/pages\/441\/revisions\/7782"}],"up":[{"embeddable":true,"href":"https:\/\/www.zakud-kazup.hr\/index.php?rest_route=\/wp\/v2\/pages\/171"}],"wp:attachment":[{"href":"https:\/\/www.zakud-kazup.hr\/index.php?rest_route=%2Fwp%2Fv2%2Fmedia&parent=441"}],"curies":[{"name":"wp","href":"https:\/\/api.w.org\/{rel}","templated":true}]}}

KUD  &#8220;SVETA ANA &#8211; VUČJAK&#8221; KARLOVAC

<div class="wp-block-image">
<figure class="aligncenter size-full is-resized"><img decoding="async" loading="lazy" src="https://www.zakud-kazup.hr/wp-content/uploads/2024/08/13590516_10206435562957502_6114781413837863427_n.jpg" alt="" class="wp-image-6780" width="480" height="360" srcset="https://www.zakud-kazup.hr/wp-content/uploads/2024/08/13590516_10206435562957502_6114781413837863427_n.jpg 960w, https://www.zakud-kazup.hr/wp-content/uploads/2024/08/13590516_10206435562957502_6114781413837863427_n-300x225.jpg 300w, https://www.zakud-kazup.hr/wp-content/uploads/2024/08/13590516_10206435562957502_6114781413837863427_n-150x113.jpg 150w, https://www.zakud-kazup.hr/wp-content/uploads/2024/08/13590516_10206435562957502_6114781413837863427_n-24x18.jpg 24w, https://www.zakud-kazup.hr/wp-content/uploads/2024/08/13590516_10206435562957502_6114781413837863427_n-36x27.jpg 36w, https://www.zakud-kazup.hr/wp-content/uploads/2024/08/13590516_10206435562957502_6114781413837863427_n-48x36.jpg 48w" sizes="(max-width: 480px) 100vw, 480px" /></figure></div>


<div class="wp-block-columns is-layout-flex wp-container-2">
<div class="wp-block-column is-layout-flow"></div>
</div>



<p class="has-text-align-center"><strong>Službeni naziv udruge: </strong>Kulturno umjetničko društvo „Sveta Ana – Vučjak“ Karlovac</p>



<p class="has-text-align-center"><strong>Adresa: </strong>Kalvarija 7/B, 47000 Karlovac</p>



<p class="has-text-align-center"><strong>Ime i prezime predsjednika udruge s kontaktom: </strong>JASNA POŽAR, 091 / 522 &#8211; 4128</p>



<p class="has-text-align-center"><strong>Ime i prezime tajnika udruge: s kontaktom </strong>ŠTEFICA POŽAR, 098 / 362 &#8211; 318</p>



<p class="has-text-align-center"><strong>Broj članova udruge: </strong>59</p>



<p class="has-text-align-center"><strong>Sekcije udruge: </strong></p>



<p class="has-text-align-center">• Folklorna sekcija<br>• Tamburaška sekcija<br>• Pjevačka sekcija<br>• Dječja sekcija</p>



<p class="has-text-align-center"><strong>Voditelj folklorne sekcije: </strong>ŠTEFICA POŽAR, 098 / 362 &#8211; 318</p>



<p class="has-text-align-center"><strong>Voditelj tamburaške sekcije:</strong> IVAN BOŽIČEVIĆ, 091 / 2535 &#8211; 935</p>



<p class="has-text-align-center"><strong>Voditelj pjevačke sekcije: </strong>VESNA ZABORSKI, 091 / 432 &#8211; 1117</p>



<p class="has-text-align-center"><strong>Voditelj dječje sekcije:&nbsp;</strong>ŠTEFICA POŽAR, 098 / 362 &#8211; 318</p>



<p class="has-text-align-center"><strong>E-mail adresa: </strong>jasna.pozar1@gmail.com</p>



<p class="has-text-align-center"><strong>OIB udruge: </strong>84889164395</p>



<div class="wp-block-columns is-layout-flex wp-container-4">
<div class="wp-block-column is-layout-flow"></div>
</div>



<p>U ožujku 1995. godine u MO Zagrad – Kalvarija – Vučjak, u prostoru kapele sv. Ane na Vučjaku osnovana je Sekcija žena<b> </b>sa idejom očuvanja kulturnog blaga svojega kraja. Godinu dana kasnije, 1996. godine, Sekcija žena prerasta u KUD „Sv. Ana – Vučjak“ s ciljem njegovanja i promicanja izvorne narodne kulturne baštine. Danas Društvo njeguje izvorni folklor Vučjaka i bliže okolice, a izvornost dolazi do izražaja u pjesmi, plesu, nošnjama i običajima.</p>



<p>KUD „Sv. Ana – Vučjak“ broji 60-ak članova, odraslih i djece, koji djeluju u&nbsp;folklorno-pjevačkoj, tamburaškoj i dječjoj sekciji.</p>



<p>Društvo je predstavljalo Karlovačku županiju na mnogobrojnim državnim manifestacijama&nbsp;diljem Hrvatske.</p>



<p>Od međunarodnih gostovanja društvo se može pohvaliti nastupima u Makedoniji (2004.), Njemačkoj (1998. i 2001.), na Međunarodnoj smotri folklora „Gospojina 2011“, župa Vidoši u Livnu (BiH), te na Međunarodnoj smotri folklora u Rakeku, Republika Slovenija.</p>



<p>Dječja sekcija društva nastupala je na Karlovačkoj smotri folklora, Županijskoj smotri dječjeg folklora u Rakovici, Dugoj Resi, Garešnici, Ivanić-Gradu, Generalskom Stolu, Maloj Subotici i na raznim priredbama u Vučjaku i okolici.</p>



<div class="wp-block-columns is-layout-flex wp-container-6">
<div class="wp-block-column is-layout-flow"></div>
</div>

<p>Službeni naziv udruge: Kulturno umjetničko društvo „Sveta Ana – Vučjak“ Karlovac Adresa: Kalvarija 7/B, 47000 Karlovac Ime i prezime predsjednika udruge s kontaktom: JASNA POŽAR, 091 / 522 &#8211; 4128 Ime <a href="https://www.zakud-kazup.hr/?page_id=441" class="more-link">[&hellip;]</a></p>
