{"id":357,"date":"2014-04-07T19:39:46","date_gmt":"2014-04-07T18:39:46","guid":{"rendered":"http:\/\/www.zakud-kazup.hr\/?page_id=357"},"modified":"2026-04-15T09:38:51","modified_gmt":"2026-04-15T08:38:51","slug":"kontakt","status":"publish","type":"page","link":"https:\/\/www.zakud-kazup.hr\/?page_id=357","title":{"rendered":"KONTAKT"},"content":{"rendered":"<p><strong>Zajednica amaterskih kulturno-umjetni\u010dkih djelatnosti (ZAKUD) Karlova\u010dke \u017eupanije<\/strong><\/p>\n<p><strong>Adresa: <\/strong>Jurja Haulika 14,\u00a047000 Karlovac<\/p>\n<p><strong>Kontakt:\u00a0<\/strong><\/p>\n<ul>\n<li>Damir \u0160krti\u0107,<em> predsjednik ZAKUD-a K\u017d,<\/em> 091\/552-5553<\/li>\n<li>Nikolina Spudi\u0107, <em>zamjenica predsjednika<\/em><\/li>\n<li>Valentina Horvat,<em> tajnica,<\/em> 091\/610-2379<\/li>\n<\/ul>\n<p><strong>E-mail: <\/strong>zakud.ka@gmail.com<\/p>\n<p><strong>Facebook stranica: <\/strong><a href=\"https:\/\/www.facebook.com\/ZakudKarlovackeZupanije\/?locale=hr_HR\">https:\/\/www.facebook.com\/ZakudKarlovackeZupanije\/?locale=hr_HR<\/a><\/p>\n<p><strong>Web stranica: <\/strong><a href=\"https:\/\/www.zakud-kazup.hr\/\">https:\/\/www.zakud-kazup.hr\/<\/a><\/p>\n<div class=\"spacer\"><\/div>\n","protected":false},"excerpt":{"rendered":"<p>Zajednica amaterskih kulturno-umjetni\u010dkih djelatnosti (ZAKUD) Karlova\u010dke \u017eupanije Adresa: Jurja Haulika 14,\u00a047000 Karlovac Kontakt:\u00a0 Damir \u0160krti\u0107, predsjednik ZAKUD-a K\u017d, 091\/552-5553 Nikolina Spudi\u0107, zamjenica predsjednika Valentina Horvat, tajnica, 091\/610-2379 E-mail: zakud.ka@gmail.com Facebook <a href=\"https:\/\/www.zakud-kazup.hr\/?page_id=357\" class=\"more-link\">[&hellip;]<\/a><\/p>\n","protected":false},"author":1,"featured_media":0,"parent":0,"menu_order":0,"comment_status":"closed","ping_status":"closed","template":"","meta":{"Layout":""},"_links":{"self":[{"href":"https:\/\/www.zakud-kazup.hr\/index.php?rest_route=\/wp\/v2\/pages\/357"}],"collection":[{"href":"https:\/\/www.zakud-kazup.hr\/index.php?rest_route=\/wp\/v2\/pages"}],"about":[{"href":"https:\/\/www.zakud-kazup.hr\/index.php?rest_route=\/wp\/v2\/types\/page"}],"author":[{"embeddable":true,"href":"https:\/\/www.zakud-kazup.hr\/index.php?rest_route=\/wp\/v2\/users\/1"}],"replies":[{"embeddable":true,"href":"https:\/\/www.zakud-kazup.hr\/index.php?rest_route=%2Fwp%2Fv2%2Fcomments&post=357"}],"version-history":[{"count":21,"href":"https:\/\/www.zakud-kazup.hr\/index.php?rest_route=\/wp\/v2\/pages\/357\/revisions"}],"predecessor-version":[{"id":8016,"href":"https:\/\/www.zakud-kazup.hr\/index.php?rest_route=\/wp\/v2\/pages\/357\/revisions\/8016"}],"wp:attachment":[{"href":"https:\/\/www.zakud-kazup.hr\/index.php?rest_route=%2Fwp%2Fv2%2Fmedia&parent=357"}],"curies":[{"name":"wp","href":"https:\/\/api.w.org\/{rel}","templated":true}]}}