{"id":2708,"date":"2017-01-15T20:16:24","date_gmt":"2017-01-15T19:16:24","guid":{"rendered":"http:\/\/www.zakud-kazup.hr\/?page_id=2708"},"modified":"2026-04-29T06:14:18","modified_gmt":"2026-04-29T05:14:18","slug":"kud-vivodina-vivodina","status":"publish","type":"page","link":"https:\/\/www.zakud-kazup.hr\/?page_id=2708","title":{"rendered":"KUD &#8220;VIVODINA&#8221; VIVODINA"},"content":{"rendered":"<div class=\"wp-block-image\">\n<figure class=\"aligncenter size-large is-resized\"><img decoding=\"async\" loading=\"lazy\" src=\"https:\/\/www.zakud-kazup.hr\/wp-content\/uploads\/2026\/04\/IMG-718bbb527ed4a3c67a3acc2eb8bd666d-V-1024x682.jpg\" alt=\"\" class=\"wp-image-8027\" width=\"768\" height=\"512\" srcset=\"https:\/\/www.zakud-kazup.hr\/wp-content\/uploads\/2026\/04\/IMG-718bbb527ed4a3c67a3acc2eb8bd666d-V-1024x682.jpg 1024w, https:\/\/www.zakud-kazup.hr\/wp-content\/uploads\/2026\/04\/IMG-718bbb527ed4a3c67a3acc2eb8bd666d-V-300x200.jpg 300w, https:\/\/www.zakud-kazup.hr\/wp-content\/uploads\/2026\/04\/IMG-718bbb527ed4a3c67a3acc2eb8bd666d-V-1536x1023.jpg 1536w, https:\/\/www.zakud-kazup.hr\/wp-content\/uploads\/2026\/04\/IMG-718bbb527ed4a3c67a3acc2eb8bd666d-V-24x16.jpg 24w, https:\/\/www.zakud-kazup.hr\/wp-content\/uploads\/2026\/04\/IMG-718bbb527ed4a3c67a3acc2eb8bd666d-V-36x24.jpg 36w, https:\/\/www.zakud-kazup.hr\/wp-content\/uploads\/2026\/04\/IMG-718bbb527ed4a3c67a3acc2eb8bd666d-V-48x32.jpg 48w, https:\/\/www.zakud-kazup.hr\/wp-content\/uploads\/2026\/04\/IMG-718bbb527ed4a3c67a3acc2eb8bd666d-V-750x500.jpg 750w, https:\/\/www.zakud-kazup.hr\/wp-content\/uploads\/2026\/04\/IMG-718bbb527ed4a3c67a3acc2eb8bd666d-V.jpg 1600w\" sizes=\"(max-width: 768px) 100vw, 768px\" \/><\/figure><\/div>\n\n\n<div class=\"wp-block-columns is-layout-flex wp-container-2\">\n<div class=\"wp-block-column is-layout-flow\"><\/div>\n<\/div>\n\n\n\n<p class=\"has-text-align-center\"><strong>Slu\u017ebeni naziv udruge<\/strong>: Kulturno umjetni\u010dko dru\u0161tvo \u201eVivodina\u201c<\/p>\n\n\n\n<p class=\"has-text-align-center\"><strong>Adresa<\/strong>: Vivodina 7, 47280 Ozalj<\/p>\n\n\n\n<p class=\"has-text-align-center\"><strong>Ime i prezime predsjednice udruge s kontaktom<\/strong>: GORDANA FERKO 01\/531-7524<\/p>\n\n\n\n<p class=\"has-text-align-center\"><strong>Ime i prezime tajnice udruge<\/strong>:\u00a0ANITA KIRIN\u010cI\u0106<\/p>\n\n\n\n<p class=\"has-text-align-center\"><strong>Broj \u010dlanova udruge<\/strong>: 75<\/p>\n\n\n\n<p class=\"has-text-align-center\"><strong>Sekcije udruge<\/strong>:<\/p>\n\n\n\n<p class=\"has-text-align-center\">\u2022 Odrasla folklorna sekcija<br>\u2022 Dje\u010dja folklorna sekcija<br>\u2022 Pjeva\u010dka sekcija<br>\u2022 Tambura\u0161ka sekcija<\/p>\n\n\n\n<p class=\"has-text-align-center\"><strong>Voditelj odrasle folklorne sekcije<\/strong>:&nbsp;MARIJAN SUDAC, 098\/1856-078<\/p>\n\n\n\n<p class=\"has-text-align-center\"><strong>Voditelj dje\u010dje folklorne sekcije<\/strong>:&nbsp;ANA GU\u0160TIN, 091\/7527-350<\/p>\n\n\n\n<p class=\"has-text-align-center\"><strong>Voditelj tambura\u0161ke&nbsp;sekcije<\/strong>:&nbsp;KRISTINA FERKO, 091\/9010-712<\/p>\n\n\n\n<p class=\"has-text-align-center\"><strong>E-mail adresa<\/strong>:&nbsp;kud.vivodina@gmail.com<\/p>\n\n\n\n<p class=\"has-text-align-center\"><strong>OIB udruge<\/strong>:&nbsp;52741825904<\/p>\n\n\n\n<div class=\"wp-block-columns is-layout-flex wp-container-4\">\n<div class=\"wp-block-column is-layout-flow\"><\/div>\n<\/div>\n\n\n\n<p>KUD \u201eVivodina\u201c osnovan je u prolje\u0107e 2003. godine s ciljem o\u010duvanje kulturne ba\u0161tine vivodinskog kraja. Osnivanju se pristupilo vrlo entuzijasti\u010dno te je u svojim po\u010decima dru\u0161tvo brojalo pedesetak \u010dlanova, dok danas okuplja dvadesetak aktivnih odraslih \u010dlanova, od kojih su ve\u0107ina mladi do 30 godina.<\/p>\n\n\n\n<p>Glavna zada\u0107a dru\u0161tva je okupljati mlade\u017e i usaditi im ljubav i po\u0161tovanje prema tradiciji i naslje\u0111u svojih predaka te njegovati pjesme, plesove i obi\u010daje prvenstveno vivodinskog kraja, ali i cijele Hrvatske.<\/p>\n\n\n\n<p>U proteklih nekoliko godina KUD \u201eVivodina\u201c rekonstruirao je mu\u0161ku i \u017eensku no\u0161nju prema starim zapisima, jer im je u naslje\u0111u ostalo vrlo malo originalnih primjeraka. Tako\u0111er, rekonstruirana je i dje\u010dja no\u0161nja. Osim no\u0161nji, obnovljeni su i neki stari obi\u010daji prema kazivanju starih Vivo\u0111ana.<\/p>\n\n\n\n<p>Svoj prvi nastup KUD \u201eVivodina\u201c&nbsp;odradio je 2003. godine u Vivodini povodom proslave 160 godina \u0161kolstva u mjestu. Od tada su nastupali diljem Lijepe na\u0161e te preko oceana, u Kanadi, gdje su nastupali za brojne hrvatske iseljenike.<\/p>\n\n\n\n<p>Od 2006. godine dru\u0161tvo organizira jednodnevnu manifestaciju \u201eJesen u Vivodini\u201c te \u201eBo\u017ei\u0107ni koncert\u201c na kojima ugo\u0161\u0107uju brojna kulturno-umjetni\u010dka dru\u0161tva i tako nastoje obogatiti kulturni i dru\u0161tveni \u017eivot ovog podru\u010dja. Tradicionalno svake godine svojim nastupom oboga\u0107uju otvaranje \u201eDana vina\u201c u Vivodini te sudjeluju na proslavi Sv. Vinka.<\/p>\n\n\n\n<p>Dru\u0161tvo je najvi\u0161e ponosno na dje\u010dju sekciju koja postoji ve\u0107 \u0161est godina. Sekcija broji 30-ak \u010dlanova pred\u0161kolskog i osnovno\u0161kolskog uzrasta, ali taj broj se polako pove\u0107ava. Sekcija se trudi okupiti najmla\u0111e ovoga podru\u010dja i usaditi im ljubav i po\u0161tovanje prema naslje\u0111u i tradiciji njihovih predaka, \u0161to joj i uspijeva kroz kvalitetne nastupe na mnogim manifestacijama na kojima predstavljaju svoj kraj i Karlova\u010dku \u017eupaniju. Djeca kroz razli\u010dite igre, pjesme i plesove u\u010de o obi\u010dajima svojih predaka, upoznaju njihov na\u010din \u017eivota te uspostavljaju kontakt sa vr\u0161njacima unutar ovog brdovitog kraja i \u0161ire.<\/p>\n\n\n\n<p>Zbog manjka tambura\u0161ke sekcije, u Dru\u0161tvu se nekoliko puta mijenjala glazbena postava, no danas \u010dlanovi KUD-a \u201eVivodina\u201c mogu re\u0107i da imaju mali, ali stalan sastav koji dobiva brojne pohvale.<\/p>\n\n\n\n<p>2013. godine dru\u0161tvo je obilje\u017eilo 10. godi\u0161njicu postojanja, 24. kolovoza u Vivodini, te je tom prilikom izvelo koreografije splitskog, me\u0111imurskog i li\u010dkog podru\u010dja, zajedno sa tradicionalnom koreografijom Vivodine.<\/p>\n","protected":false},"excerpt":{"rendered":"<p>Slu\u017ebeni naziv udruge: Kulturno umjetni\u010dko dru\u0161tvo \u201eVivodina\u201c Adresa: Vivodina 7, 47280 Ozalj Ime i prezime predsjednice udruge s kontaktom: GORDANA FERKO 01\/531-7524 Ime i prezime tajnice udruge:\u00a0ANITA KIRIN\u010cI\u0106 Broj \u010dlanova <a href=\"https:\/\/www.zakud-kazup.hr\/?page_id=2708\" class=\"more-link\">[&hellip;]<\/a><\/p>\n","protected":false},"author":2,"featured_media":0,"parent":0,"menu_order":0,"comment_status":"closed","ping_status":"closed","template":"","meta":{"Layout":""},"_links":{"self":[{"href":"https:\/\/www.zakud-kazup.hr\/index.php?rest_route=\/wp\/v2\/pages\/2708"}],"collection":[{"href":"https:\/\/www.zakud-kazup.hr\/index.php?rest_route=\/wp\/v2\/pages"}],"about":[{"href":"https:\/\/www.zakud-kazup.hr\/index.php?rest_route=\/wp\/v2\/types\/page"}],"author":[{"embeddable":true,"href":"https:\/\/www.zakud-kazup.hr\/index.php?rest_route=\/wp\/v2\/users\/2"}],"replies":[{"embeddable":true,"href":"https:\/\/www.zakud-kazup.hr\/index.php?rest_route=%2Fwp%2Fv2%2Fcomments&post=2708"}],"version-history":[{"count":8,"href":"https:\/\/www.zakud-kazup.hr\/index.php?rest_route=\/wp\/v2\/pages\/2708\/revisions"}],"predecessor-version":[{"id":8028,"href":"https:\/\/www.zakud-kazup.hr\/index.php?rest_route=\/wp\/v2\/pages\/2708\/revisions\/8028"}],"wp:attachment":[{"href":"https:\/\/www.zakud-kazup.hr\/index.php?rest_route=%2Fwp%2Fv2%2Fmedia&parent=2708"}],"curies":[{"name":"wp","href":"https:\/\/api.w.org\/{rel}","templated":true}]}}

<div class="wp-block-image">
<figure class="aligncenter size-large is-resized"><img decoding="async" loading="lazy" src="https://www.zakud-kazup.hr/wp-content/uploads/2026/04/IMG-718bbb527ed4a3c67a3acc2eb8bd666d-V-1024x682.jpg" alt="" class="wp-image-8027" width="768" height="512" srcset="https://www.zakud-kazup.hr/wp-content/uploads/2026/04/IMG-718bbb527ed4a3c67a3acc2eb8bd666d-V-1024x682.jpg 1024w, https://www.zakud-kazup.hr/wp-content/uploads/2026/04/IMG-718bbb527ed4a3c67a3acc2eb8bd666d-V-300x200.jpg 300w, https://www.zakud-kazup.hr/wp-content/uploads/2026/04/IMG-718bbb527ed4a3c67a3acc2eb8bd666d-V-1536x1023.jpg 1536w, https://www.zakud-kazup.hr/wp-content/uploads/2026/04/IMG-718bbb527ed4a3c67a3acc2eb8bd666d-V-24x16.jpg 24w, https://www.zakud-kazup.hr/wp-content/uploads/2026/04/IMG-718bbb527ed4a3c67a3acc2eb8bd666d-V-36x24.jpg 36w, https://www.zakud-kazup.hr/wp-content/uploads/2026/04/IMG-718bbb527ed4a3c67a3acc2eb8bd666d-V-48x32.jpg 48w, https://www.zakud-kazup.hr/wp-content/uploads/2026/04/IMG-718bbb527ed4a3c67a3acc2eb8bd666d-V-750x500.jpg 750w, https://www.zakud-kazup.hr/wp-content/uploads/2026/04/IMG-718bbb527ed4a3c67a3acc2eb8bd666d-V.jpg 1600w" sizes="(max-width: 768px) 100vw, 768px" /></figure></div>


<div class="wp-block-columns is-layout-flex wp-container-2">
<div class="wp-block-column is-layout-flow"></div>
</div>



<p class="has-text-align-center"><strong>Službeni naziv udruge</strong>: Kulturno umjetničko društvo „Vivodina“</p>



<p class="has-text-align-center"><strong>Adresa</strong>: Vivodina 7, 47280 Ozalj</p>



<p class="has-text-align-center"><strong>Ime i prezime predsjednice udruge s kontaktom</strong>: GORDANA FERKO 01/531-7524</p>



<p class="has-text-align-center"><strong>Ime i prezime tajnice udruge</strong>: ANITA KIRINČIĆ</p>



<p class="has-text-align-center"><strong>Broj članova udruge</strong>: 75</p>



<p class="has-text-align-center"><strong>Sekcije udruge</strong>:</p>



<p class="has-text-align-center">• Odrasla folklorna sekcija<br>• Dječja folklorna sekcija<br>• Pjevačka sekcija<br>• Tamburaška sekcija</p>



<p class="has-text-align-center"><strong>Voditelj odrasle folklorne sekcije</strong>:&nbsp;MARIJAN SUDAC, 098/1856-078</p>



<p class="has-text-align-center"><strong>Voditelj dječje folklorne sekcije</strong>:&nbsp;ANA GUŠTIN, 091/7527-350</p>



<p class="has-text-align-center"><strong>Voditelj tamburaške&nbsp;sekcije</strong>:&nbsp;KRISTINA FERKO, 091/9010-712</p>



<p class="has-text-align-center"><strong>E-mail adresa</strong>:&nbsp;kud.vivodina@gmail.com</p>



<p class="has-text-align-center"><strong>OIB udruge</strong>:&nbsp;52741825904</p>



<div class="wp-block-columns is-layout-flex wp-container-4">
<div class="wp-block-column is-layout-flow"></div>
</div>



<p>KUD „Vivodina“ osnovan je u proljeće 2003. godine s ciljem očuvanje kulturne baštine vivodinskog kraja. Osnivanju se pristupilo vrlo entuzijastično te je u svojim počecima društvo brojalo pedesetak članova, dok danas okuplja dvadesetak aktivnih odraslih članova, od kojih su većina mladi do 30 godina.</p>



<p>Glavna zadaća društva je okupljati mladež i usaditi im ljubav i poštovanje prema tradiciji i nasljeđu svojih predaka te njegovati pjesme, plesove i običaje prvenstveno vivodinskog kraja, ali i cijele Hrvatske.</p>



<p>U proteklih nekoliko godina KUD „Vivodina“ rekonstruirao je mušku i žensku nošnju prema starim zapisima, jer im je u nasljeđu ostalo vrlo malo originalnih primjeraka. Također, rekonstruirana je i dječja nošnja. Osim nošnji, obnovljeni su i neki stari običaji prema kazivanju starih Vivođana.</p>



<p>Svoj prvi nastup KUD „Vivodina“&nbsp;odradio je 2003. godine u Vivodini povodom proslave 160 godina školstva u mjestu. Od tada su nastupali diljem Lijepe naše te preko oceana, u Kanadi, gdje su nastupali za brojne hrvatske iseljenike.</p>



<p>Od 2006. godine društvo organizira jednodnevnu manifestaciju „Jesen u Vivodini“ te „Božićni koncert“ na kojima ugošćuju brojna kulturno-umjetnička društva i tako nastoje obogatiti kulturni i društveni život ovog područja. Tradicionalno svake godine svojim nastupom obogaćuju otvaranje „Dana vina“ u Vivodini te sudjeluju na proslavi Sv. Vinka.</p>



<p>Društvo je najviše ponosno na dječju sekciju koja postoji već šest godina. Sekcija broji 30-ak članova predškolskog i osnovnoškolskog uzrasta, ali taj broj se polako povećava. Sekcija se trudi okupiti najmlađe ovoga područja i usaditi im ljubav i poštovanje prema nasljeđu i tradiciji njihovih predaka, što joj i uspijeva kroz kvalitetne nastupe na mnogim manifestacijama na kojima predstavljaju svoj kraj i Karlovačku županiju. Djeca kroz različite igre, pjesme i plesove uče o običajima svojih predaka, upoznaju njihov način života te uspostavljaju kontakt sa vršnjacima unutar ovog brdovitog kraja i šire.</p>



<p>Zbog manjka tamburaške sekcije, u Društvu se nekoliko puta mijenjala glazbena postava, no danas članovi KUD-a „Vivodina“ mogu reći da imaju mali, ali stalan sastav koji dobiva brojne pohvale.</p>



<p>2013. godine društvo je obilježilo 10. godišnjicu postojanja, 24. kolovoza u Vivodini, te je tom prilikom izvelo koreografije splitskog, međimurskog i ličkog područja, zajedno sa tradicionalnom koreografijom Vivodine.</p>

<p>Službeni naziv udruge: Kulturno umjetničko društvo „Vivodina“ Adresa: Vivodina 7, 47280 Ozalj Ime i prezime predsjednice udruge s kontaktom: GORDANA FERKO 01/531-7524 Ime i prezime tajnice udruge: ANITA KIRINČIĆ Broj članova <a href="https://www.zakud-kazup.hr/?page_id=2708" class="more-link">[&hellip;]</a></p>
